-4*a(d) - j(d). Let l be i(-1). Calculate the greatest common divisor of l and 45.
9
Let f = -33 + 12. Let c = f - -12. Let x = c + 20. Calculate the highest common factor of x and 77.
11
Let h = -23 + 41. Let i be 40/7 - 4/(-14). Let n = h + i. What is the greatest common factor of n and 60?
12
Let v be (-10 + 4)/(2/(-18)). Suppose 0*i - 3*n = 3*i - 51, -69 = -4*i - 3*n. Calculate the highest common factor of v and i.
18
Let u(l) = l - 2. Let t be u(3). Let r = t - 3. Let y be 1*r*48*-1. Calculate the greatest common divisor of 12 and y.
12
Suppose 0 = 2*i + 2*i. Let b = 16 + i. Calculate the greatest common factor of b and 48.
16
Let d be ((-48)/(-18))/(2/3). What is the greatest common divisor of d and 4?
4
Suppose 2*p = -2*p + 4*u + 68, -53 = -3*p + u. What is the highest common divisor of 45 and p?
9
Suppose -o = 4*o - 25. Suppose -o*w + 5*x + 505 = 0, 2*w - 106 = -3*x + 71. Suppose -5*h + 80 + 0 = 0. Calculate the highest common factor of w and h.
16
Let r = 37 - 13. Suppose u + 79 = 4*t, 0 = -t + 3*u + r - 7. Calculate the highest common divisor of 8 and t.
4
Let n be -3*1*-3 - 1. Suppose -q = -d + 25, 3*d + 3*q - 93 = -d. Calculate the greatest common factor of d and n.
8
Let m(x) = 4*x**2 - 5*x - 1. Let t be m(3). Calculate the highest common factor of 20 and t.
20
Suppose 6*i - 86 = 10. What is the highest common divisor of i and 16?
16
Suppose 0 = 7*o + 62 - 216. What is the highest common factor of o and 11?
11
Let x(t) = -17*t - 3. Let a be x(-2). Suppose 3*v - 77 = -5*q, 3*v - 2 = q - 3. Let g = a - q. Calculate the highest common divisor of g and 9.
9
Suppose -g - 3*w = -2, 3*g + 13 = 5*g + 3*w. Calculate the greatest common divisor of 44 and g.
11
Let z(m) = m**3 - 28*m**2 - 30*m + 38. Let s be z(29). What is the highest common divisor of s and 18?
9
Let a = -347 + 545. Calculate the greatest common factor of a and 9.
9
Suppose 0 = p - 5*r - 15, 0 = 2*p - 3*p - r + 21. Calculate the greatest common divisor of p and 100.
20
Suppose 5*q - 7*q + 242 = 0. What is the highest common divisor of q and 11?
11
Let x be (8/5)/((-2)/(-10)). What is the greatest common factor of 2 and x?
2
Let v(d) = -d**2 - 7*d. Let s be v(-6). Suppose -44 = -5*h - 3*g, s = h - 2*g + 4*g. Suppose -23 + 3 = -5*j. Calculate the highest common divisor of h and j.
2
Suppose 4*j - d - 12 = 0, d - 4 = -0*d. Suppose 4*n - f + 37 = -0*n, -j*f = 4*n + 32. Let y be (-6)/(2*3/n). What is the highest common factor of y and 18?
9
Suppose 0*t + 2*t + 2*c + 52 = 0, 0 = -3*t - 4*c - 82. Let w = t + 39. What is the highest common divisor of 34 and w?
17
Suppose -5*j + 2 = -23. Let h(m) = m**3 - 12*m**2 + 1. Suppose 6*b = b + 60. Let t be h(b). What is the highest common factor of j and t?
1
Suppose -508 = -4*l + 2*y, 0 = 4*l - 4*y - 0*y - 508. Suppose -3*n + l = -113. Calculate the highest common divisor of n and 20.
20
Suppose -2*d + 6 = 8. Let c be (-3)/(-3) - (d + 0). What is the greatest common factor of 3 and c?
1
Let i = -1 + 3. Let v be i/(-10) + 391/5. Suppose -246 + v = -4*h. Calculate the highest common factor of h and 28.
14
Suppose -2*o - o - 2*u = 2, 2*o - 5*u = 24. Suppose -2*s + s = -8. Let d be (o - 0)*(0 + s). Calculate the greatest common factor of 2 and d.
2
Suppose 0 = 4*z - 4*g - 20, -z - 3*g + 1 = -4. Suppose 27 = z*p - 2*p. Calculate the greatest common factor of p and 45.
9
Suppose -5*d + 5 = -u, -10 = d - 6*d + 2*u. Suppose d = 2*q - 10, 5*m + 4*q - 1180 + 445 = 0. Calculate the highest common divisor of 13 and m.
13
Suppose 0 = -4*x + 3*x + 119. Calculate the greatest common divisor of 17 and x.
17
Let o(w) = w**2 + 9. Let h be o(0). Let l be (6/h)/((-2)/(-39)). Calculate the highest common factor of l and 65.
13
Let j(n) = n**2 - 15*n - 5. Let k be j(16). Calculate the greatest common factor of k and 33.
11
Let v = 4 - 1. Suppose -5*t - 23 = 4*d, 4*t + 0*d - 3*d = -6. Let x = 6 - t. Calculate the greatest common factor of x and v.
3
Let f(p) = -p**3 - 5*p**2 - 4*p + 5. Let b be f(-4). Suppose -b*c + 114 = -156. Suppose -12*m = -7*m - 90. Calculate the highest common divisor of c and m.
18
Let a(t) = 32*t - 13. Let r be a(9). Calculate the greatest common divisor of 25 and r.
25
Suppose -n = 3*n. Let j = 3 - n. What is the highest common factor of 21 and j?
3
Suppose -f - 36 = -5*l + 2*f, l - 3*f = 0. Calculate the highest common divisor of 99 and l.
9
Suppose 0 = 3*l - 4*z - 24, 3*l - z = z + 18. Suppose -l*t + 4*f = t - 34, -5*t + 5*f = -35. What is the highest common factor of t and 48?
6
Let h be 798/10 + 5/25. What is the greatest common divisor of 32 and h?
16
Let b(m) = -m**3 + 6*m**2 + 3*m - 4. Let a be b(6). Let u = a - 9. Suppose 2*y = u*k - 26 + 9, -3*k + 4*y - 1 = 0. What is the highest common factor of 2 and k?
1
Let i be 160/(-15)*(-18)/8. Calculate the highest common factor of i and 3.
3
Suppose 2*k - c - 168 = 28, -2*c = k - 98. Suppose 4*m + 10 = k. What is the highest common factor of m and 11?
11
Suppose -15 = -3*o, 0 = -4*j + o + o + 14. Let u(w) = -2*w + 1 + 7*w**2 - 3*w**2 - 7. Let a be u(j). What is the greatest common factor of a and 18?
18
Suppose 13*k = 11*k + 4. Let a = 3 - 0. What is the highest common divisor of a and k?
1
Suppose -452 - 120 = -2*p. What is the greatest common divisor of 26 and p?
26
Let k(g) = g**3 + 13*g**2 + 11*g + 12. Let x be k(-12). What is the greatest common divisor of x and 32?
8
Let t = -13 + 24. Suppose 3*z + s - 36 = 0, 2*z - 6*s = -s + 7. What is the highest common divisor of z and t?
11
Let t be (8 - 3) + (1 - 0). Suppose -2*r = t*l - l - 8, 0 = -4*l. Calculate the highest common divisor of r and 6.
2
Suppose 10 = 2*o, -2*z - 3*o = 10 - 43. Let j(n) = -n**2 - 4*n + 1. Let h be j(-4). Calculate the highest common divisor of h and z.
1
Let i be (1 + -3)/(2/(-44)). Let v = i - 26. What is the greatest common factor of v and 45?
9
Let l be ((-4)/3)/((-2)/6). Suppose -l*r = r - 630. What is the highest common factor of r and 14?
14
Let m(i) = i - 10. Let k be m(14). Suppose 2*z - 5*y = 24, 30 - 6 = 4*z - k*y. Let v = -2 - -10. What is the highest common factor of z and v?
2
Suppose 0 = -3*h + 1 + 2. Suppose -4*o - h + 69 = 0. What is the highest common factor of o and 17?
17
Let u(g) = -2*g**3 - 9*g**2 - 10*g. Let k be u(-6). Calculate the highest common divisor of k and 21.
21
Let q be -1*4/6*-3. Suppose 85 + 5 = q*b. Calculate the highest common divisor of 30 and b.
15
Let t(k) = 18*k - 18. Let w be t(5). What is the greatest common divisor of 24 and w?
24
Let m(y) = 14*y + 8. Let k be m(-6). Let z = -51 - k. Suppose d - z = -4*d. Calculate the greatest common divisor of 45 and d.
5
Let l = -4 - -8. Suppose l*z - 15 = x, -3 = -5*z + x + 16. Suppose 4*v + 18 = 2*a, -z*v + v + 45 = 5*a. Calculate the highest common divisor of 18 and a.
9
Let v = -137 - -358. What is the greatest common divisor of 17 and v?
17
Suppose 75 = 7*i - 4*i. What is the greatest common divisor of 10 and i?
5
Let z = -96 + 172. Suppose 0 = 6*o + 33 - 147. What is the greatest common factor of o and z?
19
Suppose u - 3 = -0. Suppose -k = 5*q - 12, 3*q - 2 = -u*k + 5*q. Calculate the highest common factor of k and 4.
2
Let b(v) = -4*v - 1. Let x be b(-4). What is the greatest common divisor of x and 10?
5
Let o(a) = -3*a - 5. Let b be o(-4). Let i = b - 5. Let p be 2/4*(i - -26). Calculate the greatest common factor of p and 42.
14
Let t(c) = c**2 + 2*c + 18. Let a be t(9). What is the greatest common factor of a and 9?
9
Let x be ((-12)/2)/(-2) - 1. Let r = x + 1. What is the greatest common divisor of r and 2?
1
Suppose 60 - 245 = -5*i. Suppose -5*t + 163 = -i. Calculate the highest common divisor of t and 8.
8
Suppose 156 = -4*n - 16. Let u = n - -78. What is the greatest common factor of u and 5?
5
Suppose 3*n = 2*n + 3*p + 17, 0 = -3*n + 4*p + 61. Calculate the highest common divisor of 23 and n.
23
Suppose 2*d - 3*d = -f + 86, 5*f = 4*d + 434. Calculate the highest common divisor of f and 10.
10
Suppose 3*n + 0 = 30. Let a be 2 - (-4 + 2 + -26). Calculate the highest common divisor of n and a.
10
Suppose 0 = 3*t - 6*t + 12. What is the greatest common factor of t and 28?
4
Let d be (-22)/(-3 + 5 + -4). Suppose v = -2*o + 4*v + 22, 3*o - 5*v - 33 = 0. What is the highest common factor of d and o?
11
Let u(k) = 